97491817 composite?
False
Is 32603680873 a composite number?
True
Is 50666029 prime?
False
Is 374885867 a composite number?
False
Is 2150124411 a composite number?
True
Is 1331243087 composite?
True
Is 343194883 a prime number?
True
Is 849994799 a composite number?
False
Is 422142637 prime?
False
Is 57676739 prime?
False
Is 6515599327 a prime number?
True
Is 3655634887 a composite number?
False
Is 9545573005 a prime number?
False
Is 52850236081 a prime number?
False
Is 5949750523 a prime number?
True
Is 4974778589 composite?
True
Is 15717091813 a prime number?
True
Is 529799937 a prime number?
False
Is 1959498173 composite?
False
Is 42154931443 a prime number?
True
Is 392035591 prime?
True
Is 3191333029 composite?
True
Is 3093920663 a composite number?
True
Is 2952184189 a composite number?
True
Is 471643169 prime?
True
Is 3722087623 composite?
False
Is 3143001197 a prime number?
False
Is 2435037403 a composite number?
True
Is 45529509079 a prime number?
False
Is 2678226406 composite?
True
Is 81979861 a prime number?
True
Is 3317922843 composite?
True
Is 3140691487 a composite number?
False
Is 11943491513 a prime number?
True
Is 187754027 a prime number?
False
Is 590328771 a composite number?
True
Is 54497713301 a composite number?
True
Is 1685744339 composite?
False
Is 8052205573 prime?
True
Is 851481053 prime?
False
Is 500189987 a composite number?
True
Is 27922940321 a prime number?
False
Is 33692173 prime?
True
Is 324531737 composite?
True
Is 1620436591 prime?
True
Is 7560606071 a prime number?
True
Is 170059079 prime?
False
Is 3555154535 prime?
False
Is 59577672767 a prime number?
True
Is 307988389 composite?
False
Is 615400393 a composite number?
False
Is 8037499243 a composite number?
True
Is 11979464779 composite?
True
Is 153031108897 prime?
False
Is 4500422789 a composite number?
False
Is 7136710583 composite?
False
Is 1865921243 prime?
False
Is 10639992847 composite?
True
Is 2811865411 prime?
False
Is 42779661161 composite?
True
Is 13903510877 a composite number?
True
Is 2404775039 prime?
True
Is 390911601 a prime number?
False
Is 2828754833 composite?
False
Is 635164919 a prime number?
True
Is 63545453 a prime number?
True
Is 53804542993 a composite number?
False
Is 780112339 composite?
False
Is 4605659323 a composite number?
True
Is 160018163 prime?
False
Is 1391809103 a prime number?
False
Is 3829016333 a prime number?
False
Is 274553278 prime?
False
Is 127692077 prime?
False
Is 171408061 a composite number?
True
Is 5885910377 composite?
True
Is 14235910777 prime?
False
Is 16396326307 composite?
True
Is 709169663 prime?
True
Is 4431153997 composite?
False
Is 3360643177 composite?
False
Is 3382753583 a composite number?
True
Is 214666303 composite?
True
Is 23268595327 prime?
True
Is 40453442867 prime?
True
Is 716767747 a composite number?
True
Is 27008697941 composite?
True
Is 51830519305 composite?
True
Is 41519220929 composite?
True
Is 6741589949 composite?
False
Is 9681244543 a composite number?
False
Is 53270238899 a composite number?
False
Is 5270950471 composite?
False
Is 3601571293 a prime number?
True
Is 156129087289 a composite number?
True
Is 16697403703 composite?
True
Is 17737749037 prime?
True
Is 116383627547 composite?
True
Is 12591552157 prime?
False
Is 31065462761 composite?
True
Is 1007134451 prime?
False
Is 449402179 a prime number?
True
Is 14051983741 prime?
True
Is 18677341415 a composite number?
True
Is 2609544043 composite?
True
Is 10283985137 a prime number?
False
Is 65676220487 prime?
True
Is 1817703851 a composite number?
False
Is 12495594841 a prime number?
True
Is 16481825963 composite?
True
Is 81089884457 prime?
True
Is 198300643 composite?
True
Is 3884408191 prime?
False
Is 118727491 prime?
True
Is 39353156417 composite?
False
Is 220451501 composite?
False
Is 95195560531 a prime number?
False
Is 7314925963 a prime number?
False
Is 23616243353 a prime number?
True
Is 1140686563 a prime number?
False
Is 208302997517 a composite number?
True
Is 404397841 a composite number?
False
Is 9622237223 a prime number?
True
Is 11755481699 a prime number?
False
Is 55468749601 prime?
True
Is 6409208605 prime?
False
Is 2305727761 a composite number?
False
Is 30436621819 a prime number?
True
Is 1117218731 a composite number?
False
Is 19064560231 prime?
True
Is 13116668197 a composite number?
False
Is 502774691 composite?
False
Is 4670202059 prime?
True
Is 4724936311 a composite number?
True
Is 42531257467 prime?
False
Is 22532368253 a composite number?
True
Is 1821177307 a composite number?
False
Is 8355374531 a prime number?
False
Is 3736134399 composite?
True
Is 6896604703 a composite number?
True
Is 814784111 a prime number?
True
Is 9624546809 a composite number?
False
Is 2543558099 a composite number?
True
Is 44647668139 a composite number?
False
Is 7305503761 prime?
True
Is 11399794541 a composite number?
True
Is 911829001 a prime number?
False
Is 14140480826 a composite number?
True
Is 19008170143 a composite number?
False
Is 11044550917 a prime number?
False
Is 18285398233 composite?
False
Is 4415732701 a composite number?
True
Is 22640280983 a composite number?
True
Is 178720147 composite?
False
Is 944475016009 a composite number?
True
Is 1269734943 a composite number?
True
Is 562081519 a composite number?
True
Is 38043928997 composite?
False
Is 3308693951 prime?
True
Is 218681483 prime?
False
Is 594008093 a composite number?
True
Is 19403177 a composite number?
True
Is 1024539589 prime?
True
Is 1697894089 a prime number?
True
Is 39901029911 prime?
True
Is 14605632901 a composite number?
False
Is 7356256805 a prime number?
False
Is 27221287 a prime number?
True
Is 20181761051 composite?
False
Is 447080071 composite?
False
Is 239057173 composite?
False
Is 267517969 a composite number?
True
Is 2090887517 prime?
False
Is 1327308287 composite?
True
Is 53111760019 a composite number?
False
Is 37676395213 composite?
True
Is 471607673 a prime number?
True
Is 22691065637 a composite number?
False
Is 2352861241 a prime number?
True
Is 101782187 composite?
True
Is 17966985605 prime?
False
Is 32073892213 a prime number?
False
Is 4925957051 a prime number?
True
Is 527420383003 composite?
False
Is 36742807 prime?
True
Is 1109669089 a prime number?
True
Is 1254674363 a composite number?
True
Is 75192691339 a prime number?
True
Is 8671510259 a prime number?
True
Is 19495372433 a prime number?
False
Is 3592207733 composite?
True
Is 3195066167 a composite number?
True
Is 6027146743 composite?
False
Is 30341163449 composite?
True
Is 868364557 prime?
True
Is 11344384747 composite?
False
Is 157695875681 a prime number?
True
Is 691707427 a composite number?
False
Is 15694871237 a composite number?
False
Is 2154005869 a composite number?
False
Is 812576381 composite?
False
Is 61651698151 composite?
True
Is 10126031 a composite number?
True
Is 15899358427 a composite number?
False
Is 2381388661 a composite number?
True
Is 17394442591 composite?
False
Is 3372224467 prime?
True
Is 40973167 a prime number?
True
Is 5463889787 a composite number?
False
Is 3634418201 prime?
True
Is 1165296401 a composite number?
False
Is 14606772683 a composite number?
False
Is 66707325205 prime?
False
Is 677532511 a composite number?
False
Is 3838008313 prime?
True
Is 43362594251 a composite number?
True
Is 4779581237 composite?
False
Is 2470262011 composite?
True
Is 10864554601 composite?
False
Is 760916599 a composite number?
False
Is 28062967957 prime?
False
Is 61158268489 prime?
True
Is 167070938585 a prime number?
False
Is 4333859041 a composite number?
True
Is 517203857 a composite number?
False
Is 14993124301 a prime number?
False
Is 310540461851 composite?
False
Is 1664001233 a composite number?
False
Is 4483931603 prime?
False
Is 233552639 composite?
False
Is 4834323877 composite?
True
Is 46872976037 composite?
False
Is 37495169 a prime number?
True
Is 126022584361 a prime number?
True
Is 426177187 a prime number?
False
Is 1014434243 composite?
False
Is 904865909 prime?
False
Is 1650105577 prime?
True
Is 282608373 composite?
True
Is 2310011843 a composite number?
True
Is 1870059419 a composite number?
True
Is 1464862673 prime?
False
Is 6066946777 prime?
False
Is 20039188079 prime?
False
Is 1539625067 a composite number?
False
Is 113793137 a p